{"id":247,"date":"2021-06-22T21:31:06","date_gmt":"2021-06-22T19:31:06","guid":{"rendered":"http:\/\/2r-elec.com\/?page_id=247"},"modified":"2024-03-13T10:02:56","modified_gmt":"2024-03-13T09:02:56","slug":"chauffage-2r-elec","status":"publish","type":"page","link":"http:\/\/2r-elec.com\/?page_id=247","title":{"rendered":"Chauffage"},"content":{"rendered":"\t\t<div data-elementor-type=\"wp-page\" data-elementor-id=\"247\" class=\"elementor elementor-247\" data-elementor-settings=\"[]\">\n\t\t\t\t\t\t\t<div class=\"elementor-section-wrap\">\n\t\t\t\t\t\t\t<section class=\"elementor-section elementor-top-section elementor-element elementor-element-553524a elementor-section-boxed elementor-section-height-default elementor-section-height-default\" data-id=\"553524a\" data-element_type=\"section\">\n\t\t\t\t\t\t<div class=\"elementor-container elementor-column-gap-default\">\n\t\t\t\t\t<div class=\"elementor-column elementor-col-50 elementor-top-column elementor-element elementor-element-fb9b993\" data-id=\"fb9b993\" data-element_type=\"column\">\n\t\t\t<div class=\"elementor-widget-wrap elementor-element-populated\">\n\t\t\t\t\t\t\t\t<div class=\"elementor-element elementor-element-8cde9d0 elementor-widget elementor-widget-heading\" data-id=\"8cde9d0\" data-element_type=\"widget\" data-widget_type=\"heading.default\">\n\t\t\t\t<div class=\"elementor-widget-container\">\n\t\t\t<h1 class=\"elementor-heading-title elementor-size-default\">Chauffage<\/h1>\t\t<\/div>\n\t\t\t\t<\/div>\n\t\t\t\t<div class=\"elementor-element elementor-element-4c07221 elementor-widget elementor-widget-text-editor\" data-id=\"4c07221\" data-element_type=\"widget\" data-widget_type=\"text-editor.default\">\n\t\t\t\t<div class=\"elementor-widget-container\">\n\t\t\t\t\t\t\t<p>Au service des particuliers comme des professionnels, nous r\u00e9alisons diff\u00e9rents type de chauffage en <strong>neuf<\/strong> comme en <strong>r\u00e9novation<\/strong>, en maisons individuelles, appartements, tertiaire (commerce, bureau&#8230;) et industriel.<\/p>\t\t\t\t\t\t<\/div>\n\t\t\t\t<\/div>\n\t\t\t\t<div class=\"elementor-element elementor-element-ac72727 elementor-widget elementor-widget-image\" data-id=\"ac72727\" data-element_type=\"widget\" data-widget_type=\"image.default\">\n\t\t\t\t<div class=\"elementor-widget-container\">\n\t\t\t\t\t\t\t\t\t\t\t\t\t\t\t<img loading=\"lazy\" decoding=\"async\" width=\"750\" height=\"563\" src=\"http:\/\/2r-elec.com\/wp-content\/uploads\/2021\/06\/tenerife.jpg\" class=\"attachment-large size-large\" alt=\"radiateur Thermor\" srcset=\"http:\/\/2r-elec.com\/wp-content\/uploads\/2021\/06\/tenerife.jpg 750w, http:\/\/2r-elec.com\/wp-content\/uploads\/2021\/06\/tenerife-300x225.jpg 300w, http:\/\/2r-elec.com\/wp-content\/uploads\/2021\/06\/tenerife-230x173.jpg 230w, http:\/\/2r-elec.com\/wp-content\/uploads\/2021\/06\/tenerife-350x263.jpg 350w, http:\/\/2r-elec.com\/wp-content\/uploads\/2021\/06\/tenerife-480x360.jpg 480w\" sizes=\"auto, (max-width: 750px) 100vw, 750px\" \/>\t\t\t\t\t\t\t\t\t\t\t\t\t\t\t<\/div>\n\t\t\t\t<\/div>\n\t\t\t\t<div class=\"elementor-element elementor-element-6c3035d elementor-widget elementor-widget-spacer\" data-id=\"6c3035d\" data-element_type=\"widget\" data-widget_type=\"spacer.default\">\n\t\t\t\t<div class=\"elementor-widget-container\">\n\t\t\t\t\t<div class=\"elementor-spacer\">\n\t\t\t<div class=\"elementor-spacer-inner\"><\/div>\n\t\t<\/div>\n\t\t\t\t<\/div>\n\t\t\t\t<\/div>\n\t\t\t\t<div class=\"elementor-element elementor-element-808ab89 elementor-widget elementor-widget-heading\" data-id=\"808ab89\" data-element_type=\"widget\" data-widget_type=\"heading.default\">\n\t\t\t\t<div class=\"elementor-widget-container\">\n\t\t\t<h2 class=\"elementor-heading-title elementor-size-default\">Chauffage Electrique<\/h2>\t\t<\/div>\n\t\t\t\t<\/div>\n\t\t\t\t<section class=\"elementor-section elementor-inner-section elementor-element elementor-element-2580c66 elementor-section-boxed elementor-section-height-default elementor-section-height-default\" data-id=\"2580c66\" data-element_type=\"section\">\n\t\t\t\t\t\t<div class=\"elementor-container elementor-column-gap-default\">\n\t\t\t\t\t<div class=\"elementor-column elementor-col-50 elementor-inner-column elementor-element elementor-element-eea11ad\" data-id=\"eea11ad\" data-element_type=\"column\">\n\t\t\t<div class=\"elementor-widget-wrap elementor-element-populated\">\n\t\t\t\t\t\t\t\t<div class=\"elementor-element elementor-element-7324d95 elementor-widget elementor-widget-text-editor\" data-id=\"7324d95\" data-element_type=\"widget\" data-widget_type=\"text-editor.default\">\n\t\t\t\t<div class=\"elementor-widget-container\">\n\t\t\t\t\t\t\t<ul><li>Radiateur \u00e0 inertie<\/li><li>Convecteur<\/li><li>Panneau rayonnant<\/li><li>S\u00e8che serviette\u00a0<\/li><li>Chauffe-eau<\/li><li>Gestionnaire de programmation de chauffage<p>&#8230;<\/p><\/li><\/ul>\t\t\t\t\t\t<\/div>\n\t\t\t\t<\/div>\n\t\t\t\t\t<\/div>\n\t\t<\/div>\n\t\t\t\t<div class=\"elementor-column elementor-col-50 elementor-inner-column elementor-element elementor-element-f4c5591\" data-id=\"f4c5591\" data-element_type=\"column\">\n\t\t\t<div class=\"elementor-widget-wrap elementor-element-populated\">\n\t\t\t\t\t\t\t\t<div class=\"elementor-element elementor-element-b0abce6 elementor-widget elementor-widget-image\" data-id=\"b0abce6\" data-element_type=\"widget\" data-widget_type=\"image.default\">\n\t\t\t\t<div class=\"elementor-widget-container\">\n\t\t\t\t\t\t\t\t\t\t\t\t\t\t\t<img loading=\"lazy\" decoding=\"async\" width=\"750\" height=\"563\" src=\"http:\/\/2r-elec.com\/wp-content\/uploads\/2021\/06\/RADIATEUR_SECHE_SERVIETTE_ELECTRIQUE_ALLURE_3_VIRTUOSE_GRIS_THERMOR1.jpg\" class=\"attachment-large size-large\" alt=\"S\u00e8che serviette Thermor\" srcset=\"http:\/\/2r-elec.com\/wp-content\/uploads\/2021\/06\/RADIATEUR_SECHE_SERVIETTE_ELECTRIQUE_ALLURE_3_VIRTUOSE_GRIS_THERMOR1.jpg 750w, http:\/\/2r-elec.com\/wp-content\/uploads\/2021\/06\/RADIATEUR_SECHE_SERVIETTE_ELECTRIQUE_ALLURE_3_VIRTUOSE_GRIS_THERMOR1-300x225.jpg 300w, http:\/\/2r-elec.com\/wp-content\/uploads\/2021\/06\/RADIATEUR_SECHE_SERVIETTE_ELECTRIQUE_ALLURE_3_VIRTUOSE_GRIS_THERMOR1-230x173.jpg 230w, http:\/\/2r-elec.com\/wp-content\/uploads\/2021\/06\/RADIATEUR_SECHE_SERVIETTE_ELECTRIQUE_ALLURE_3_VIRTUOSE_GRIS_THERMOR1-350x263.jpg 350w, http:\/\/2r-elec.com\/wp-content\/uploads\/2021\/06\/RADIATEUR_SECHE_SERVIETTE_ELECTRIQUE_ALLURE_3_VIRTUOSE_GRIS_THERMOR1-480x360.jpg 480w\" sizes=\"auto, (max-width: 750px) 100vw, 750px\" \/>\t\t\t\t\t\t\t\t\t\t\t\t\t\t\t<\/div>\n\t\t\t\t<\/div>\n\t\t\t\t\t<\/div>\n\t\t<\/div>\n\t\t\t\t\t\t\t<\/div>\n\t\t<\/section>\n\t\t\t\t<div class=\"elementor-element elementor-element-0a9a036 elementor-widget elementor-widget-spacer\" data-id=\"0a9a036\" data-element_type=\"widget\" data-widget_type=\"spacer.default\">\n\t\t\t\t<div class=\"elementor-widget-container\">\n\t\t\t\t\t<div class=\"elementor-spacer\">\n\t\t\t<div class=\"elementor-spacer-inner\"><\/div>\n\t\t<\/div>\n\t\t\t\t<\/div>\n\t\t\t\t<\/div>\n\t\t\t\t<div class=\"elementor-element elementor-element-a498e9b elementor-widget elementor-widget-heading\" data-id=\"a498e9b\" data-element_type=\"widget\" data-widget_type=\"heading.default\">\n\t\t\t\t<div class=\"elementor-widget-container\">\n\t\t\t<h2 class=\"elementor-heading-title elementor-size-default\">Energie renouvelable<\/h2>\t\t<\/div>\n\t\t\t\t<\/div>\n\t\t\t\t<section class=\"elementor-section elementor-inner-section elementor-element elementor-element-4e7428b elementor-section-boxed elementor-section-height-default elementor-section-height-default\" data-id=\"4e7428b\" data-element_type=\"section\">\n\t\t\t\t\t\t<div class=\"elementor-container elementor-column-gap-default\">\n\t\t\t\t\t<div class=\"elementor-column elementor-col-50 elementor-inner-column elementor-element elementor-element-45192e4\" data-id=\"45192e4\" data-element_type=\"column\">\n\t\t\t<div class=\"elementor-widget-wrap elementor-element-populated\">\n\t\t\t\t\t\t\t\t<div class=\"elementor-element elementor-element-1687810 elementor-widget elementor-widget-image\" data-id=\"1687810\" data-element_type=\"widget\" data-widget_type=\"image.default\">\n\t\t\t\t<div class=\"elementor-widget-container\">\n\t\t\t\t\t\t\t\t\t\t\t\t\t\t\t<img loading=\"lazy\" decoding=\"async\" width=\"632\" height=\"400\" src=\"http:\/\/2r-elec.com\/wp-content\/uploads\/2021\/06\/clim.jpg\" class=\"attachment-large size-large\" alt=\"Mono split\" srcset=\"http:\/\/2r-elec.com\/wp-content\/uploads\/2021\/06\/clim.jpg 632w, http:\/\/2r-elec.com\/wp-content\/uploads\/2021\/06\/clim-300x190.jpg 300w, http:\/\/2r-elec.com\/wp-content\/uploads\/2021\/06\/clim-230x146.jpg 230w, http:\/\/2r-elec.com\/wp-content\/uploads\/2021\/06\/clim-350x222.jpg 350w, http:\/\/2r-elec.com\/wp-content\/uploads\/2021\/06\/clim-480x304.jpg 480w\" sizes=\"auto, (max-width: 632px) 100vw, 632px\" \/>\t\t\t\t\t\t\t\t\t\t\t\t\t\t\t<\/div>\n\t\t\t\t<\/div>\n\t\t\t\t\t<\/div>\n\t\t<\/div>\n\t\t\t\t<div class=\"elementor-column elementor-col-50 elementor-inner-column elementor-element elementor-element-f40e537\" data-id=\"f40e537\" data-element_type=\"column\">\n\t\t\t<div class=\"elementor-widget-wrap elementor-element-populated\">\n\t\t\t\t\t\t\t\t<div class=\"elementor-element elementor-element-5dbad84 elementor-widget__width-inherit elementor-widget elementor-widget-text-editor\" data-id=\"5dbad84\" data-element_type=\"widget\" data-widget_type=\"text-editor.default\">\n\t\t\t\t<div class=\"elementor-widget-container\">\n\t\t\t\t\t\t\t<ul><li>Climatisation monosplit ou multisplit<\/li><li>A\u00e9rothermie<\/li><li>Plancher chauffant<\/li><li>Radiateur<p>&#8230;<\/p><\/li><\/ul>\t\t\t\t\t\t<\/div>\n\t\t\t\t<\/div>\n\t\t\t\t\t<\/div>\n\t\t<\/div>\n\t\t\t\t\t\t\t<\/div>\n\t\t<\/section>\n\t\t\t\t<div class=\"elementor-element elementor-element-26a3051 elementor-widget elementor-widget-spacer\" data-id=\"26a3051\" data-element_type=\"widget\" data-widget_type=\"spacer.default\">\n\t\t\t\t<div class=\"elementor-widget-container\">\n\t\t\t\t\t<div class=\"elementor-spacer\">\n\t\t\t<div class=\"elementor-spacer-inner\"><\/div>\n\t\t<\/div>\n\t\t\t\t<\/div>\n\t\t\t\t<\/div>\n\t\t\t\t\t<\/div>\n\t\t<\/div>\n\t\t\t\t<div class=\"elementor-column elementor-col-50 elementor-top-column elementor-element elementor-element-e4f1622\" data-id=\"e4f1622\" data-element_type=\"column\">\n\t\t\t<div class=\"elementor-widget-wrap elementor-element-populated\">\n\t\t\t\t\t\t\t\t<div class=\"elementor-element elementor-element-581659f elementor-widget elementor-widget-heading\" data-id=\"581659f\" data-element_type=\"widget\" data-widget_type=\"heading.default\">\n\t\t\t\t<div class=\"elementor-widget-container\">\n\t\t\t<h2 class=\"elementor-heading-title elementor-size-default\">Services\u200b<\/h2>\t\t<\/div>\n\t\t\t\t<\/div>\n\t\t\t\t<div class=\"elementor-element elementor-element-5e8dfaf elementor-widget elementor-widget-text-editor\" data-id=\"5e8dfaf\" data-element_type=\"widget\" data-widget_type=\"text-editor.default\">\n\t\t\t\t<div class=\"elementor-widget-container\">\n\t\t\t\t\t\t\t<ul><li>Devis personnalis\u00e9<\/li><li>D\u00e9pannage 7 jours \/ 7<\/li><\/ul>\t\t\t\t\t\t<\/div>\n\t\t\t\t<\/div>\n\t\t\t\t<div class=\"elementor-element elementor-element-cc96139 elementor-widget-divider--view-line elementor-widget elementor-widget-divider\" data-id=\"cc96139\" data-element_type=\"widget\" data-widget_type=\"divider.default\">\n\t\t\t\t<div class=\"elementor-widget-container\">\n\t\t\t\t\t<div class=\"elementor-divider\">\n\t\t\t<span class=\"elementor-divider-separator\">\n\t\t\t\t\t\t<\/span>\n\t\t<\/div>\n\t\t\t\t<\/div>\n\t\t\t\t<\/div>\n\t\t\t\t<div class=\"elementor-element elementor-element-db457dd elementor-widget elementor-widget-heading\" data-id=\"db457dd\" data-element_type=\"widget\" data-widget_type=\"heading.default\">\n\t\t\t\t<div class=\"elementor-widget-container\">\n\t\t\t<h2 class=\"elementor-heading-title elementor-size-default\">Avis clients<\/h2>\t\t<\/div>\n\t\t\t\t<\/div>\n\t\t\t\t<div class=\"elementor-element elementor-element-f42100d elementor-widget-divider--view-line elementor-widget elementor-widget-divider\" data-id=\"f42100d\" data-element_type=\"widget\" data-widget_type=\"divider.default\">\n\t\t\t\t<div class=\"elementor-widget-container\">\n\t\t\t\t\t<div class=\"elementor-divider\">\n\t\t\t<span class=\"elementor-divider-separator\">\n\t\t\t\t\t\t<\/span>\n\t\t<\/div>\n\t\t\t\t<\/div>\n\t\t\t\t<\/div>\n\t\t\t\t<div class=\"elementor-element elementor-element-11958f7 elementor-widget elementor-widget-heading\" data-id=\"11958f7\" data-element_type=\"widget\" data-widget_type=\"heading.default\">\n\t\t\t\t<div class=\"elementor-widget-container\">\n\t\t\t<h2 class=\"elementor-heading-title elementor-size-default\">Quelques partenaires<\/h2>\t\t<\/div>\n\t\t\t\t<\/div>\n\t\t\t\t<div class=\"elementor-element elementor-element-dbef048 elementor-arrows-position-inside elementor-pagination-position-outside elementor-widget elementor-widget-image-carousel\" data-id=\"dbef048\" data-element_type=\"widget\" data-settings=\"{&quot;slides_to_show&quot;:&quot;1&quot;,&quot;navigation&quot;:&quot;both&quot;,&quot;autoplay&quot;:&quot;yes&quot;,&quot;pause_on_hover&quot;:&quot;yes&quot;,&quot;pause_on_interaction&quot;:&quot;yes&quot;,&quot;autoplay_speed&quot;:5000,&quot;infinite&quot;:&quot;yes&quot;,&quot;effect&quot;:&quot;slide&quot;,&quot;speed&quot;:500}\" data-widget_type=\"image-carousel.default\">\n\t\t\t\t<div class=\"elementor-widget-container\">\n\t\t\t\t\t<div class=\"elementor-image-carousel-wrapper swiper-container\" dir=\"ltr\">\n\t\t\t<div class=\"elementor-image-carousel swiper-wrapper\">\n\t\t\t\t\t\t\t\t<div class=\"swiper-slide\"><a data-elementor-open-lightbox=\"yes\" data-elementor-lightbox-slideshow=\"dbef048\" data-elementor-lightbox-title=\"Avis 05.03.2022\" data-elementor-lightbox-description=\"Remplacement de radiateurs \u00e9lectriques\" e-action-hash=\"#elementor-action%3Aaction%3Dlightbox%26settings%3DeyJpZCI6MTQxMiwidXJsIjoiaHR0cDpcL1wvMnItZWxlYy5jb21cL3dwLWNvbnRlbnRcL3VwbG9hZHNcLzIwMjJcLzAzXC9BdmlzLTIucG5nIiwic2xpZGVzaG93IjoiZGJlZjA0OCJ9\" href=\"http:\/\/2r-elec.com\/wp-admin\/post.php?post=106&#038;action=elementor#\" target=\"_blank\"><figure class=\"swiper-slide-inner\"><img decoding=\"async\" class=\"swiper-slide-image\" src=\"http:\/\/2r-elec.com\/wp-content\/uploads\/2022\/03\/Avis-2.png\" alt=\"Avis 05.03.2022\" \/><\/figure><\/a><\/div><div class=\"swiper-slide\"><a data-elementor-open-lightbox=\"yes\" data-elementor-lightbox-slideshow=\"dbef048\" data-elementor-lightbox-title=\"Avis du 26.02.23\" data-elementor-lightbox-description=\"Remplacement d&#039;un chauffe-eau\" e-action-hash=\"#elementor-action%3Aaction%3Dlightbox%26settings%3DeyJpZCI6MjAxNCwidXJsIjoiaHR0cDpcL1wvMnItZWxlYy5jb21cL3dwLWNvbnRlbnRcL3VwbG9hZHNcLzIwMjNcLzAyXC9BdmlzLWR1LTI2LjAyLjIzLnBuZyIsInNsaWRlc2hvdyI6ImRiZWYwNDgifQ%3D%3D\" href=\"http:\/\/2r-elec.com\/wp-admin\/post.php?post=106&#038;action=elementor#\" target=\"_blank\"><figure class=\"swiper-slide-inner\"><img decoding=\"async\" class=\"swiper-slide-image\" src=\"http:\/\/2r-elec.com\/wp-content\/uploads\/2023\/02\/Avis-du-26.02.23.png\" alt=\"Avis du 26.02.23\" \/><\/figure><\/a><\/div>\t\t\t<\/div>\n\t\t\t\t\t\t\t\t\t\t\t\t<div class=\"swiper-pagination\"><\/div>\n\t\t\t\t\t\t\t\t\t\t\t\t\t<div class=\"elementor-swiper-button elementor-swiper-button-prev\">\n\t\t\t\t\t\t<i aria-hidden=\"true\" class=\"eicon-chevron-left\"><\/i>\t\t\t\t\t\t<span class=\"elementor-screen-only\">Pr\u00e9c\u00e9dent<\/span>\n\t\t\t\t\t<\/div>\n\t\t\t\t\t<div class=\"elementor-swiper-button elementor-swiper-button-next\">\n\t\t\t\t\t\t<i aria-hidden=\"true\" class=\"eicon-chevron-right\"><\/i>\t\t\t\t\t\t<span class=\"elementor-screen-only\">Suivant<\/span>\n\t\t\t\t\t<\/div>\n\t\t\t\t\t\t\t\t\t<\/div>\n\t\t\t\t<\/div>\n\t\t\t\t<\/div>\n\t\t\t\t<div class=\"elementor-element elementor-element-05dc291 gallery-spacing-custom elementor-widget elementor-widget-image-gallery\" data-id=\"05dc291\" data-element_type=\"widget\" data-widget_type=\"image-gallery.default\">\n\t\t\t\t<div class=\"elementor-widget-container\">\n\t\t\t\t\t<div class=\"elementor-image-gallery\">\n\t\t\t<div id='gallery-1' class='gallery galleryid-247 gallery-columns-1 gallery-size-full'><figure class='gallery-item'>\n\t\t\t<div class='gallery-icon landscape'>\n\t\t\t\t<img loading=\"lazy\" decoding=\"async\" width=\"218\" height=\"91\" src=\"http:\/\/2r-elec.com\/wp-content\/uploads\/2021\/06\/Delta-Dore.png\" class=\"attachment-full size-full\" alt=\"Delta Dore\" \/>\n\t\t\t<\/div><\/figure><figure class='gallery-item'>\n\t\t\t<div class='gallery-icon landscape'>\n\t\t\t\t<img loading=\"lazy\" decoding=\"async\" width=\"1200\" height=\"320\" src=\"http:\/\/2r-elec.com\/wp-content\/uploads\/2021\/06\/atlantic_logo_garanka_-1.png\" class=\"attachment-full size-full\" alt=\"Atlantic\" srcset=\"http:\/\/2r-elec.com\/wp-content\/uploads\/2021\/06\/atlantic_logo_garanka_-1.png 1200w, http:\/\/2r-elec.com\/wp-content\/uploads\/2021\/06\/atlantic_logo_garanka_-1-300x80.png 300w, http:\/\/2r-elec.com\/wp-content\/uploads\/2021\/06\/atlantic_logo_garanka_-1-1024x273.png 1024w, http:\/\/2r-elec.com\/wp-content\/uploads\/2021\/06\/atlantic_logo_garanka_-1-768x205.png 768w, http:\/\/2r-elec.com\/wp-content\/uploads\/2021\/06\/atlantic_logo_garanka_-1-830x221.png 830w, http:\/\/2r-elec.com\/wp-content\/uploads\/2021\/06\/atlantic_logo_garanka_-1-230x61.png 230w, http:\/\/2r-elec.com\/wp-content\/uploads\/2021\/06\/atlantic_logo_garanka_-1-350x93.png 350w, http:\/\/2r-elec.com\/wp-content\/uploads\/2021\/06\/atlantic_logo_garanka_-1-480x128.png 480w\" sizes=\"auto, (max-width: 1200px) 100vw, 1200px\" \/>\n\t\t\t<\/div><\/figure><figure class='gallery-item'>\n\t\t\t<div class='gallery-icon landscape'>\n\t\t\t\t<img loading=\"lazy\" decoding=\"async\" width=\"225\" height=\"225\" src=\"http:\/\/2r-elec.com\/wp-content\/uploads\/2021\/06\/UntitledIMG76-1.png\" class=\"attachment-full size-full\" alt=\"Aldes\" srcset=\"http:\/\/2r-elec.com\/wp-content\/uploads\/2021\/06\/UntitledIMG76-1.png 225w, http:\/\/2r-elec.com\/wp-content\/uploads\/2021\/06\/UntitledIMG76-1-150x150.png 150w\" sizes=\"auto, (max-width: 225px) 100vw, 225px\" \/>\n\t\t\t<\/div><\/figure><figure class='gallery-item'>\n\t\t\t<div class='gallery-icon landscape'>\n\t\t\t\t<img loading=\"lazy\" decoding=\"async\" width=\"250\" height=\"53\" src=\"http:\/\/2r-elec.com\/wp-content\/uploads\/2021\/06\/UntitledIMG78-1-e1621271213529.png\" class=\"attachment-full size-full\" alt=\"Thermor\" srcset=\"http:\/\/2r-elec.com\/wp-content\/uploads\/2021\/06\/UntitledIMG78-1-e1621271213529.png 250w, http:\/\/2r-elec.com\/wp-content\/uploads\/2021\/06\/UntitledIMG78-1-e1621271213529-230x49.png 230w\" sizes=\"auto, (max-width: 250px) 100vw, 250px\" \/>\n\t\t\t<\/div><\/figure>\n\t\t<\/div>\n\t\t<\/div>\n\t\t\t\t<\/div>\n\t\t\t\t<\/div>\n\t\t\t\t\t<\/div>\n\t\t<\/div>\n\t\t\t\t\t\t\t<\/div>\n\t\t<\/section>\n\t\t\t\t\t\t<\/div>\n\t\t\t\t\t<\/div>\n\t\t","protected":false},"excerpt":{"rendered":"<p>Chauffage Au service des particuliers comme des professionnels, nous r\u00e9alisons diff\u00e9rents type de chauffage en neuf comme en r\u00e9novation, en maisons individuelles, appartements, tertiaire (commerce, bureau&#8230;) et industriel. Chauffage Electrique Radiateur \u00e0 inertie Convecteur Panneau rayonnant S\u00e8che serviette\u00a0 Chauffe-eau Gestionnaire de programmation de chauffage &#8230; Energie renouvelable Climatisation monosplit ou multisplit A\u00e9rothermie Plancher chauffant Radiateur [&hellip;]<\/p>\n","protected":false},"author":1,"featured_media":0,"parent":0,"menu_order":0,"comment_status":"closed","ping_status":"closed","template":"elementor_header_footer","meta":{"footnotes":""},"class_list":["post-247","page","type-page","status-publish","hentry"],"yoast_head":"<!-- This site is optimized with the Yoast SEO plugin v16.5 - https:\/\/yoast.com\/wordpress\/plugins\/seo\/ -->\n<title>Chauffage - 2R Elec<\/title>\n<meta name=\"description\" content=\"N\u2019h\u00e9sitez pas \u00e0 contacter 2R ELEC, Richard Ravinel, Artisan \u00c9lectricien \u00e0 Ardoix (Ard\u00e8che) pour une installation avec diff\u00e9rents types de cahuffage : \u00e9lectrique ou \u00e9nergies renouvelables...\" \/>\n<meta name=\"robots\" content=\"index, follow, max-snippet:-1, max-image-preview:large, max-video-preview:-1\" \/>\n<link rel=\"canonical\" href=\"https:\/\/2r-elec.com\/?page_id=247\" \/>\n<meta property=\"og:locale\" content=\"fr_FR\" \/>\n<meta property=\"og:type\" content=\"article\" \/>\n<meta property=\"og:title\" content=\"Chauffage - 2R Elec\" \/>\n<meta property=\"og:description\" content=\"N\u2019h\u00e9sitez pas \u00e0 contacter 2R ELEC, Richard Ravinel, Artisan \u00c9lectricien \u00e0 Ardoix (Ard\u00e8che) pour une installation avec diff\u00e9rents types de cahuffage : \u00e9lectrique ou \u00e9nergies renouvelables...\" \/>\n<meta property=\"og:url\" content=\"https:\/\/2r-elec.com\/?page_id=247\" \/>\n<meta property=\"og:site_name\" content=\"2R Elec\" \/>\n<meta property=\"article:modified_time\" content=\"2024-03-13T09:02:56+00:00\" \/>\n<meta property=\"og:image\" content=\"http:\/\/2r-elec.com\/wp-content\/uploads\/2021\/06\/tenerife.jpg\" \/>\n<meta name=\"twitter:card\" content=\"summary_large_image\" \/>\n<meta name=\"twitter:label1\" content=\"Dur\u00e9e de lecture est.\" \/>\n\t<meta name=\"twitter:data1\" content=\"3 minutes\" \/>\n<script type=\"application\/ld+json\" class=\"yoast-schema-graph\">{\"@context\":\"https:\/\/schema.org\",\"@graph\":[{\"@type\":\"WebSite\",\"@id\":\"https:\/\/2r-elec.com\/#website\",\"url\":\"https:\/\/2r-elec.com\/\",\"name\":\"2R Elec\",\"description\":\"Electricit\\u00e9 Chauffage Climatisation\",\"potentialAction\":[{\"@type\":\"SearchAction\",\"target\":\"https:\/\/2r-elec.com\/?s={search_term_string}\",\"query-input\":\"required name=search_term_string\"}],\"inLanguage\":\"fr-FR\"},{\"@type\":\"ImageObject\",\"@id\":\"https:\/\/2r-elec.com\/?page_id=247#primaryimage\",\"inLanguage\":\"fr-FR\",\"url\":\"http:\/\/2r-elec.com\/wp-content\/uploads\/2021\/06\/tenerife.jpg\",\"contentUrl\":\"http:\/\/2r-elec.com\/wp-content\/uploads\/2021\/06\/tenerife.jpg\",\"width\":750,\"height\":563,\"caption\":\"radiateur Thermor\"},{\"@type\":\"WebPage\",\"@id\":\"https:\/\/2r-elec.com\/?page_id=247#webpage\",\"url\":\"https:\/\/2r-elec.com\/?page_id=247\",\"name\":\"Chauffage - 2R Elec\",\"isPartOf\":{\"@id\":\"https:\/\/2r-elec.com\/#website\"},\"primaryImageOfPage\":{\"@id\":\"https:\/\/2r-elec.com\/?page_id=247#primaryimage\"},\"datePublished\":\"2021-06-22T19:31:06+00:00\",\"dateModified\":\"2024-03-13T09:02:56+00:00\",\"description\":\"N\\u2019h\\u00e9sitez pas \\u00e0 contacter 2R ELEC, Richard Ravinel, Artisan \\u00c9lectricien \\u00e0 Ardoix (Ard\\u00e8che) pour une installation avec diff\\u00e9rents types de cahuffage : \\u00e9lectrique ou \\u00e9nergies renouvelables...\",\"breadcrumb\":{\"@id\":\"https:\/\/2r-elec.com\/?page_id=247#breadcrumb\"},\"inLanguage\":\"fr-FR\",\"potentialAction\":[{\"@type\":\"ReadAction\",\"target\":[\"https:\/\/2r-elec.com\/?page_id=247\"]}]},{\"@type\":\"BreadcrumbList\",\"@id\":\"https:\/\/2r-elec.com\/?page_id=247#breadcrumb\",\"itemListElement\":[{\"@type\":\"ListItem\",\"position\":1,\"name\":\"Accueil\",\"item\":\"https:\/\/2r-elec.com\/\"},{\"@type\":\"ListItem\",\"position\":2,\"name\":\"Chauffage\"}]}]}<\/script>\n<!-- \/ Yoast SEO plugin. -->","_links":{"self":[{"href":"http:\/\/2r-elec.com\/index.php?rest_route=\/wp\/v2\/pages\/247","targetHints":{"allow":["GET"]}}],"collection":[{"href":"http:\/\/2r-elec.com\/index.php?rest_route=\/wp\/v2\/pages"}],"about":[{"href":"http:\/\/2r-elec.com\/index.php?rest_route=\/wp\/v2\/types\/page"}],"author":[{"embeddable":true,"href":"http:\/\/2r-elec.com\/index.php?rest_route=\/wp\/v2\/users\/1"}],"replies":[{"embeddable":true,"href":"http:\/\/2r-elec.com\/index.php?rest_route=%2Fwp%2Fv2%2Fcomments&post=247"}],"version-history":[{"count":118,"href":"http:\/\/2r-elec.com\/index.php?rest_route=\/wp\/v2\/pages\/247\/revisions"}],"predecessor-version":[{"id":2435,"href":"http:\/\/2r-elec.com\/index.php?rest_route=\/wp\/v2\/pages\/247\/revisions\/2435"}],"wp:attachment":[{"href":"http:\/\/2r-elec.com\/index.php?rest_route=%2Fwp%2Fv2%2Fmedia&parent=247"}],"curies":[{"name":"wp","href":"https:\/\/api.w.org\/{rel}","templated":true}]}}