{"id":390,"date":"2021-06-23T21:54:04","date_gmt":"2021-06-23T19:54:04","guid":{"rendered":"http:\/\/2r-elec.com\/?page_id=390"},"modified":"2021-06-29T21:21:53","modified_gmt":"2021-06-29T19:21:53","slug":"mentions-legales","status":"publish","type":"page","link":"https:\/\/2r-elec.com\/?page_id=390","title":{"rendered":"Mentions l\u00e9gales"},"content":{"rendered":"\t\t<div data-elementor-type=\"wp-page\" data-elementor-id=\"390\" class=\"elementor elementor-390\" data-elementor-settings=\"[]\">\n\t\t\t\t\t\t\t<div class=\"elementor-section-wrap\">\n\t\t\t\t\t\t\t<section class=\"elementor-section elementor-top-section elementor-element elementor-element-0528396 elementor-section-boxed elementor-section-height-default elementor-section-height-default\" data-id=\"0528396\" data-element_type=\"section\">\n\t\t\t\t\t\t<div class=\"elementor-container elementor-column-gap-default\">\n\t\t\t\t\t<div class=\"elementor-column elementor-col-100 elementor-top-column elementor-element elementor-element-8ad4948\" data-id=\"8ad4948\" data-element_type=\"column\">\n\t\t\t<div class=\"elementor-widget-wrap elementor-element-populated\">\n\t\t\t\t\t\t\t\t<div class=\"elementor-element elementor-element-8b4de7a elementor-widget elementor-widget-heading\" data-id=\"8b4de7a\" data-element_type=\"widget\" data-widget_type=\"heading.default\">\n\t\t\t\t<div class=\"elementor-widget-container\">\n\t\t\t<h2 class=\"elementor-heading-title elementor-size-default\">Mentions l\u00e9gales<\/h2>\t\t<\/div>\n\t\t\t\t<\/div>\n\t\t\t\t<div class=\"elementor-element elementor-element-37f0706 elementor-widget__width-inherit elementor-widget elementor-widget-text-editor\" data-id=\"37f0706\" data-element_type=\"widget\" data-widget_type=\"text-editor.default\">\n\t\t\t\t<div class=\"elementor-widget-container\">\n\t\t\t\t\t\t\t<div id=\"content\" class=\"page-wrap\"><div class=\"container content-wrapper\"><div class=\"row\"><div class=\"elementor elementor-1057\" data-elementor-type=\"wp-page\" data-elementor-id=\"1057\" data-elementor-settings=\"[]\"><div class=\"elementor-section-wrap\"><section class=\"elementor-section elementor-top-section elementor-element elementor-element-93cc76a elementor-section-boxed elementor-section-height-default elementor-section-height-default\" data-id=\"93cc76a\" data-element_type=\"section\"><div class=\"elementor-container elementor-column-gap-default\"><div class=\"elementor-column elementor-col-100 elementor-top-column elementor-element elementor-element-c85b96d\" data-id=\"c85b96d\" data-element_type=\"column\"><div class=\"elementor-widget-wrap elementor-element-populated\"><div class=\"elementor-element elementor-element-5e87ac0 elementor-widget elementor-widget-text-editor\" data-id=\"5e87ac0\" data-element_type=\"widget\" data-widget_type=\"text-editor.default\"><div class=\"elementor-widget-container\"><div class=\"entry-content\"><div class=\"elementor elementor-232\" data-elementor-type=\"wp-page\" data-elementor-id=\"232\" data-elementor-settings=\"[]\"><div class=\"elementor-section-wrap\"><section class=\"has_ma_el_bg_slider elementor-section elementor-top-section elementor-element elementor-element-0d01b96 elementor-section-boxed elementor-section-height-default elementor-section-height-default\" data-id=\"0d01b96\" data-element_type=\"section\"><div class=\"elementor-container elementor-column-gap-default\"><div class=\"has_ma_el_bg_slider elementor-column elementor-col-100 elementor-top-column elementor-element elementor-element-3813fba\" data-id=\"3813fba\" data-element_type=\"column\"><div class=\"elementor-widget-wrap elementor-element-populated\"><div class=\"elementor-element elementor-element-537104c elementor-widget elementor-widget-text-editor\" data-id=\"537104c\" data-element_type=\"widget\" data-widget_type=\"text-editor.default\"><div class=\"elementor-widget-container\"><p><strong><span style=\"text-decoration: underline;\">Identit\u00e9<\/span> <\/strong>:<br \/>Nom du site web : &lt; 2r-elec.com &gt;<br \/>Adresse : &lt; http:\/\/2r-elec.com &gt;<\/p><p><strong><span style=\"text-decoration: underline;\">Propri\u00e9taire<\/span> <\/strong>: &lt; 2R Elec &gt;<br \/>&lt; ARDOIX &gt;<br \/>&lt; 484 090 378 00015&gt;<br \/>&lt; \u201804.75.33.60.64\u2019 \u2013 \u2018r.ravinel@2r-elec.com\u2019 &gt;<\/p><p><strong><span style=\"text-decoration: underline;\">H\u00e9bergement<\/span> <\/strong>:<br \/>OVH Groupe SAS, soci\u00e9t\u00e9 immatricul\u00e9e au RCS de Lille sous le num\u00e9ro 537 407 926 sise 2, rue Kellermann, 59100 Roubaix.<\/p><p><strong><span style=\"text-decoration: underline;\">Conditions d\u2019utilisation<\/span><\/strong> :<br \/>L\u2019utilisation du pr\u00e9sent site implique l\u2019acceptation pleine et enti\u00e8re des conditions g\u00e9n\u00e9rales d\u2019utilisation d\u00e9crites ci-apr\u00e8s. Ces conditions d\u2019utilisation sont susceptibles d\u2019\u00eatre modifi\u00e9es ou compl\u00e9t\u00e9es \u00e0 tout moment.<\/p><p><span style=\"text-decoration: underline;\"><strong>Informations<\/strong> <\/span>:<br \/>Les informations et documents du site sont pr\u00e9sent\u00e9s \u00e0 titre indicatif, ne rev\u00eatent pas un caract\u00e8re exhaustif, et ne peuvent engager la responsabilit\u00e9 du propri\u00e9taire du site.<br \/>Le propri\u00e9taire du site ne peut \u00eatre tenu responsable des dommages directs et indirects cons\u00e9cutifs \u00e0 l\u2019acc\u00e8s au site.<\/p><p><span style=\"text-decoration: underline;\"><strong>Interactivit\u00e9<\/strong> <\/span>:<br \/>Les utilisateurs du site peuvent \u00e9ventuellement y d\u00e9poser du contenu, apparaissant sur le site dans des espaces d\u00e9di\u00e9s (notamment via les commentaires). Le contenu d\u00e9pos\u00e9 reste sous la responsabilit\u00e9 de leurs auteurs, qui en assument pleinement l\u2019enti\u00e8re responsabilit\u00e9<br \/>juridique.<br \/>Le propri\u00e9taire du site se r\u00e9serve le droit de retirer sans pr\u00e9avis et sans justification tout contenu d\u00e9pos\u00e9 par les utilisateurs qui ne satisferait pas \u00e0 la charte d\u00e9ontologique du site ou \u00e0 la l\u00e9gislation en vigueur.<\/p><p><strong><span style=\"text-decoration: underline;\">Propri\u00e9t\u00e9 intellectuelle<\/span><\/strong> :<br \/>Sauf mention contraire, tous les \u00e9l\u00e9ments accessibles sur le site (textes, images, graphismes, logo, ic\u00f4nes, sons, logiciels, etc.) restent la propri\u00e9t\u00e9 exclusive de leurs auteurs, en ce qui concerne les droits de propri\u00e9t\u00e9 intellectuelle ou les droits d\u2019usage.<br \/>Toute reproduction, repr\u00e9sentation, modification, publication, adaptation de tout ou partie des \u00e9l\u00e9ments du site, quel que soit le moyen ou le proc\u00e9d\u00e9 utilis\u00e9, est interdite, sauf autorisation \u00e9crite pr\u00e9alable de l\u2019auteur.<br \/>Toute exploitation non autoris\u00e9e du site ou de l\u2019un quelconque des \u00e9l\u00e9ments qu\u2019il contient est consid\u00e9r\u00e9e comme constitutive d\u2019une contrefa\u00e7on et peut \u00eatre poursuivie en justice.<br \/>Les marques et logos reproduits sur le site sont d\u00e9pos\u00e9s par les soci\u00e9t\u00e9s qui en sont propri\u00e9taires.<\/p><p><span style=\"text-decoration: underline;\"><strong>Liens<\/strong><\/span> :<br \/>Liens sortants<br \/>Le propri\u00e9taire du site d\u00e9cline toute responsabilit\u00e9 et n\u2019est pas engag\u00e9 par le r\u00e9f\u00e9rencement via des liens hypertextes, de ressources tierces pr\u00e9sentes sur le r\u00e9seau Internet, tant en ce qui concerne leur contenu que leur pertinence.<\/p><p>Liens entrants<br \/>Le propri\u00e9taire du site autorise les liens hypertextes vers l\u2019une des pages de ce site, \u00e0 condition que ceux-ci ouvrent une nouvelle fen\u00eatre et soient pr\u00e9sent\u00e9s de mani\u00e8re non \u00e9quivoque afin d\u2019\u00e9viter :<br \/>\u2013 Tout risque de confusion entre le site citant et le propri\u00e9taire du site<br \/>\u2013 Ainsi que toute pr\u00e9sentation tendancieuse, ou contraire aux lois en vigueur.<br \/>Le propri\u00e9taire du site se r\u00e9serve le droit de demander la suppression d\u2019un lien s\u2019il estime que le site source ne respecte pas les r\u00e8gles ainsi d\u00e9finies.<\/p><p><span style=\"text-decoration: underline;\"><strong>Confidentialit\u00e9<\/strong><\/span> :<br \/>Tout utilisateur dispose d\u2019un droit d\u2019acc\u00e8s, de rectification et d\u2019opposition aux donn\u00e9es personnelles le concernant, en effectuant sa demande \u00e9crite et sign\u00e9e, accompagn\u00e9e d\u2019une preuve d\u2019identit\u00e9.<br \/>Le site ne recueille pas d\u2019informations personnelles, et n\u2019est pas assujetti \u00e0 d\u00e9claration \u00e0 la CNIL.<\/p><\/div><\/div><\/div><\/div><\/div><\/section><\/div><\/div><\/div><\/div><\/div><\/div><\/div><\/div><\/section><\/div><\/div><\/div><\/div><\/div>\t\t\t\t\t\t<\/div>\n\t\t\t\t<\/div>\n\t\t\t\t\t<\/div>\n\t\t<\/div>\n\t\t\t\t\t\t\t<\/div>\n\t\t<\/section>\n\t\t\t\t\t\t<\/div>\n\t\t\t\t\t<\/div>\n\t\t","protected":false},"excerpt":{"rendered":"<p>Mentions l\u00e9gales Identit\u00e9 :Nom du site web : &lt; 2r-elec.com &gt;Adresse : &lt; http:\/\/2r-elec.com &gt; Propri\u00e9taire : &lt; 2R Elec &gt;&lt; ARDOIX &gt;&lt; 484 090 378 00015&gt;&lt; \u201804.75.33.60.64\u2019 \u2013 \u2018r.ravinel@2r-elec.com\u2019 &gt; H\u00e9bergement :OVH Groupe SAS, soci\u00e9t\u00e9 immatricul\u00e9e au RCS de Lille sous le num\u00e9ro 537 407 926 sise 2, rue Kellermann, 59100 Roubaix. Conditions d\u2019utilisation [&hellip;]<\/p>\n","protected":false},"author":1,"featured_media":0,"parent":0,"menu_order":0,"comment_status":"closed","ping_status":"closed","template":"elementor_header_footer","meta":{"footnotes":""},"class_list":["post-390","page","type-page","status-publish","hentry"],"yoast_head":"<!-- This site is optimized with the Yoast SEO plugin v16.5 - https:\/\/yoast.com\/wordpress\/plugins\/seo\/ -->\n<title>Mentions l\u00e9gales - 2R Elec<\/title>\n<meta name=\"robots\" content=\"index, follow, max-snippet:-1, max-image-preview:large, max-video-preview:-1\" \/>\n<link rel=\"canonical\" href=\"https:\/\/2r-elec.com\/?page_id=390\" \/>\n<meta property=\"og:locale\" content=\"fr_FR\" \/>\n<meta property=\"og:type\" content=\"article\" \/>\n<meta property=\"og:title\" content=\"Mentions l\u00e9gales - 2R Elec\" \/>\n<meta property=\"og:description\" content=\"Mentions l\u00e9gales Identit\u00e9 :Nom du site web : &lt; 2r-elec.com &gt;Adresse : &lt; http:\/\/2r-elec.com &gt; Propri\u00e9taire : &lt; 2R Elec &gt;&lt; ARDOIX &gt;&lt; 484 090 378 00015&gt;&lt; \u201804.75.33.60.64\u2019 \u2013 \u2018r.ravinel@2r-elec.com\u2019 &gt; H\u00e9bergement :OVH Groupe SAS, soci\u00e9t\u00e9 immatricul\u00e9e au RCS de Lille sous le num\u00e9ro 537 407 926 sise 2, rue Kellermann, 59100 Roubaix. Conditions d\u2019utilisation [&hellip;]\" \/>\n<meta property=\"og:url\" content=\"https:\/\/2r-elec.com\/?page_id=390\" \/>\n<meta property=\"og:site_name\" content=\"2R Elec\" \/>\n<meta property=\"article:modified_time\" content=\"2021-06-29T19:21:53+00:00\" \/>\n<meta name=\"twitter:card\" content=\"summary_large_image\" \/>\n<meta name=\"twitter:label1\" content=\"Dur\u00e9e de lecture est.\" \/>\n\t<meta name=\"twitter:data1\" content=\"7 minutes\" \/>\n<script type=\"application\/ld+json\" class=\"yoast-schema-graph\">{\"@context\":\"https:\/\/schema.org\",\"@graph\":[{\"@type\":\"WebSite\",\"@id\":\"https:\/\/2r-elec.com\/#website\",\"url\":\"https:\/\/2r-elec.com\/\",\"name\":\"2R Elec\",\"description\":\"Electricit\\u00e9 Chauffage Climatisation\",\"potentialAction\":[{\"@type\":\"SearchAction\",\"target\":\"https:\/\/2r-elec.com\/?s={search_term_string}\",\"query-input\":\"required name=search_term_string\"}],\"inLanguage\":\"fr-FR\"},{\"@type\":\"WebPage\",\"@id\":\"https:\/\/2r-elec.com\/?page_id=390#webpage\",\"url\":\"https:\/\/2r-elec.com\/?page_id=390\",\"name\":\"Mentions l\\u00e9gales - 2R Elec\",\"isPartOf\":{\"@id\":\"https:\/\/2r-elec.com\/#website\"},\"datePublished\":\"2021-06-23T19:54:04+00:00\",\"dateModified\":\"2021-06-29T19:21:53+00:00\",\"breadcrumb\":{\"@id\":\"https:\/\/2r-elec.com\/?page_id=390#breadcrumb\"},\"inLanguage\":\"fr-FR\",\"potentialAction\":[{\"@type\":\"ReadAction\",\"target\":[\"https:\/\/2r-elec.com\/?page_id=390\"]}]},{\"@type\":\"BreadcrumbList\",\"@id\":\"https:\/\/2r-elec.com\/?page_id=390#breadcrumb\",\"itemListElement\":[{\"@type\":\"ListItem\",\"position\":1,\"name\":\"Accueil\",\"item\":\"https:\/\/2r-elec.com\/\"},{\"@type\":\"ListItem\",\"position\":2,\"name\":\"Mentions l\\u00e9gales\"}]}]}<\/script>\n<!-- \/ Yoast SEO plugin. -->","_links":{"self":[{"href":"https:\/\/2r-elec.com\/index.php?rest_route=\/wp\/v2\/pages\/390","targetHints":{"allow":["GET"]}}],"collection":[{"href":"https:\/\/2r-elec.com\/index.php?rest_route=\/wp\/v2\/pages"}],"about":[{"href":"https:\/\/2r-elec.com\/index.php?rest_route=\/wp\/v2\/types\/page"}],"author":[{"embeddable":true,"href":"https:\/\/2r-elec.com\/index.php?rest_route=\/wp\/v2\/users\/1"}],"replies":[{"embeddable":true,"href":"https:\/\/2r-elec.com\/index.php?rest_route=%2Fwp%2Fv2%2Fcomments&post=390"}],"version-history":[{"count":22,"href":"https:\/\/2r-elec.com\/index.php?rest_route=\/wp\/v2\/pages\/390\/revisions"}],"predecessor-version":[{"id":714,"href":"https:\/\/2r-elec.com\/index.php?rest_route=\/wp\/v2\/pages\/390\/revisions\/714"}],"wp:attachment":[{"href":"https:\/\/2r-elec.com\/index.php?rest_route=%2Fwp%2Fv2%2Fmedia&parent=390"}],"curies":[{"name":"wp","href":"https:\/\/api.w.org\/{rel}","templated":true}]}}